 -5*s + 3273 = b. List the prime factors of s.
5, 131
Let s(q) = -1 - 4 - 6 - 4*q - 10. List the prime factors of s(-11).
23
Suppose 5*m + 164 = 2*l, -4*m = 3*l - 236 - 56. What are the prime factors of l?
2, 23
List the prime factors of ((-4)/(-12))/(-1)*606*-1.
2, 101
Suppose 33*h = 4260 - 861. List the prime factors of h.
103
Let m be 3 - (-1 + 2 - 1). Let u be (-79)/m + (-4)/(-12). Let p = -12 - u. List the prime factors of p.
2, 7
Suppose 0 = 9*r - 8*r - 801. What are the prime factors of r?
3, 89
Let g = -2164 - -5754. List the prime factors of g.
2, 5, 359
Let l = 138 - -278. List the prime factors of l.
2, 13
Let s = 7 + 19. Suppose -3*y = 2*y - 250. Let i = y - s. What are the prime factors of i?
2, 3
What are the prime factors of 48/(-6) + 11214/9?
2, 619
Let f(b) be the first derivative of -b**2 - 24*b + 8. Let j be f(-12). Suppose -4*n + 15 + 133 = j. List the prime factors of n.
37
Let x(p) = p**3 + 11*p**2 + 11*p - 3. Let i = 12 - 21. Let s be x(i). Suppose 3*u + t = -u + s, -u = t - 15. List the prime factors of u.
3, 5
Let w be 3/(-2 + 0 + 3). Suppose w*f - 4*f + 22 = 0. What are the prime factors of 730/f + (-14)/77?
3, 11
Suppose 44 = 2*k + 2*a, 0 = 4*k - 3*k - a - 14. Let t(p) = p**3 - 18*p**2 + 4*p + 18. What are the prime factors of t(k)?
2, 3, 5
Let y = -44 + 44. Let f(r) = r**2 + 37. What are the prime factors of f(y)?
37
Let f(a) = -a**2 + 4*a - 13. Let t be f(6). Let c = t + 33. What are the prime factors of c?
2
Let b(m) = 5*m**3 + 2*m**2 - 9*m - 40. What are the prime factors of b(7)?
2, 3, 5, 19
Suppose -4*m + 211 + 371 = 2*s, -5*s = -5*m - 1410. What are the prime factors of s?
3, 5, 19
Let b(t) = 5*t**2 + 16*t + 12. What are the prime factors of b(-14)?
2, 3
Let k(f) = 16*f**2 - f. Let j be k(-1). Let t = -17 + j. List the prime factors of (3 - -5) + 4 + t.
2, 3
Suppose 3*x = 32*h - 34*h + 2716, 4*x - 3613 = -h. What are the prime factors of x?
2, 11, 41
Let t be 1047/15 + 6/5. Suppose t*n - 450 = 68*n. List the prime factors of n.
2, 3, 5
Let d = 635 - 271. List the prime factors of d.
2, 7, 13
Let v(k) = 9*k**3 + 5*k**2 + 3*k - 10. Let c be v(4). Suppose 2*f + c = 2*y, -5*y - 3*f + 1669 = -0*f. List the prime factors of y.
2, 83
Suppose 0 = -4*w - 16. List the prime factors of (46 + -3)/((-2)/w).
2, 43
Let b = 2 - -8. Suppose -13*o = -b*o + 3. List the prime factors of o/4 - 165/(-4).
41
Let t = -30 + 37. Let h(y) = -2*y**2 + 14*y + 11. What are the prime factors of h(t)?
11
Suppose -11*a - 3*a = -6188. Suppose -24 = -2*s + a. What are the prime factors of s?
233
Let i = 25 - 22. Let c be 33 + (4 + 0 - i). Suppose 5*h - 4*h = c. What are the prime factors of h?
2, 17
Let a(g) be the third derivative of 11*g**5/60 + g**4/24 - g**3/3 - g**2. Let r = -683 + 685. List the prime factors of a(r).
2, 11
Let o(f) = -2*f + 1. Let j be o(-1). Suppose 5*x = -j*d + 146, 2*x + 2*d + 2*d = 64. What are the prime factors of x?
2, 7
Suppose -n + 33 = -143. List the prime factors of n.
2, 11
Let r(l) = -47*l + 2. Let p be r(-1). Suppose 5*v - p = 166. Suppose -2*q = -11 + 1, g + 5*q = v. What are the prime factors of g?
2, 3
Let i(p) = p**3 + p**2 - 2*p + 8. Let j be i(3). Let u = j - -36. List the prime factors of u.
2, 37
Suppose 15*w - 8*w = -91. Let o = 16 - w. List the prime factors of o.
29
Let i be (-65 + -29)/(0 - 2/6). Let c = i + -129. List the prime factors of c.
3, 17
Suppose -2*b + 544 = 2*p, b + 24*p = 27*p + 276. What are the prime factors of b?
3, 7, 13
Let b(c) = c**2 - c + 5. Let z be b(-4). Let s be z/6 - (-11)/(-66). Suppose -4*l + 124 = 2*y, -5*y + 165 = s*l + l. List the prime factors of l.
29
Suppose -4*g - 2*k - 20 = -3*g, -3*k = -4*g - 102. List the prime factors of (222/g)/(2/(-8)).
37
Let v be -2*-26*1/4. Suppose -k - u - 11 = 0, v - 2 = -k - 2*u. Let j = 33 + k. List the prime factors of j.
2, 11
Suppose -34 = 3*l + 4*k, l = -0*l + 5*k - 43. What are the prime factors of l/(-4) - 1 - (-2)/(-4)?
3
Suppose -11*i - 26*i = -52281. List the prime factors of i.
3, 157
Let p(l) = l**3 + 14*l**2 + l + 3. List the prime factors of p(-10).
3, 131
Suppose -2*m = 35 + 9. Let b = m + 105. What are the prime factors of b?
83
Let y be (14 - 2)*(-38)/6. Let l = y - -134. Suppose -p + 2*p - a = 14, -a + l = 5*p. What are the prime factors of p?
2, 3
Suppose 7*u + 102 = 3420. List the prime factors of u.
2, 3, 79
Suppose 67*d - 118106 - 153914 = 0. List the prime factors of d.
2, 5, 7, 29
Let u be (-3)/(-2)*(-6)/(-3). List the prime factors of (-42)/9*u/(-2).
7
Suppose 3*d = c + 1, -4*c + 2*d - 3 = -9. Let l(x) = c - 3*x**2 + 2*x**2 + 2*x - 2*x**3 - 7*x**2 + 3*x**3. What are the prime factors of l(8)?
2, 3
Suppose -b + 2*n + 52 = 4*b, 3*b = -5*n + 56. Let k = 2 - b. Let x = 6 - k. List the prime factors of x.
2
Let z = -24 + 24. Let s(f) = 3*f + 41. List the prime factors of s(z).
41
Let p = -551 - -1076. List the prime factors of p.
3, 5, 7
Suppose -h = -3*h - 10. Suppose 3*u + 97 = 61. What are the prime factors of (h/(-2))/(u/(-216))?
3, 5
List the prime factors of ((-3)/(9/(-12180)))/(6 + -5).
2, 5, 7, 29
Let u(c) = 3*c - 22. Let r be u(16). Suppose -25 = -5*t - 5*p, 0*t - 2*p - r = -4*t. List the prime factors of (9/t)/(2/4).
3
Let v be (-8)/(-12)*-3*10. What are the prime factors of (-1 - v) + 1 + -1?
19
Suppose 0 - 6 = -2*a. Suppose -5*y + 698 = a*q + 175, -5*q + 876 = 4*y. List the prime factors of q.
2, 11
Let w be 388/24 + (4 - 25/6). Suppose 10*v - w*v = -1452. What are the prime factors of v?
2, 11
Let b = -81 - -47. Let y = b - -78. List the prime factors of y.
2, 11
Suppose -82 = 4*i - q, 4*q + 76 = -4*i + 2*q. Let b = -20 - i. What are the prime factors of 8 - (b + 2/(-1))?
2, 5
Suppose -4*a + 2947 = 5*x, 0 = 2*x + 3*a - 1520 + 337. List the prime factors of x.
587
Let k(m) = 3*m**3 - 2*m**2 - 14*m + 18. List the prime factors of k(6).
2, 3, 5, 17
Suppose 2170 + 2360 = 6*k. List the prime factors of k.
5, 151
Suppose -4*s - 3*s + 49245 = 0. List the prime factors of 8/12 - (s/(-9))/5.
157
Let y = 83 - 91. What are the prime factors of 12*(-5)/(-80) - 1074/y?
3, 5
Suppose i - 6 + 30 = 0. List the prime factors of (0 + 3)*(-2 + i/(-9)).
2
Suppose 0*z = -8*z + 48. Let w(p) = 19*p - 10. List the prime factors of w(z).
2, 13
Suppose -4*g - 3*c - 1 - 47 = 0, -4*g + 3*c - 72 = 0. Let z = -10 - g. List the prime factors of z.
5
Suppose -5*x = -5*c - 1855, -3*x + 1113 = -9*c + 12*c. What are the prime factors of x?
7, 53
Let u(k) = -7*k - 226 + 24*k**2 - k**2 + 222. List the prime factors of u(-3).
2, 7
Suppose 0 = -4*n - 12, 3*g - 984 = -4*n - n. What are the prime factors of g?
3, 37
Let s(p) = p**2 + 7*p - 1. Let c be s(-8). Let x = 109 - c. List the prime factors of x.
2, 3, 17
Suppose -21*g + 76243 = 16456. What are the prime factors of g?
3, 13, 73
Suppose -275 = -w + 97. Suppose -3*a + 7*i = 5*i - w, a = i + 124. What are the prime factors of a?
2, 31
Let r = -1135 + 1218. List the prime factors of r.
83
Suppose -202 = -2*n + 60. List the prime factors of n.
131
Suppose -3*x + 1626 = z, -21*z + 24*z = -4*x + 4888. What are the prime factors of z?
2, 3, 17
Suppose 3*k + 5*n = -7, -20 = 5*k - 4*n + 4. What are the prime factors of (4485/(-46))/((2/k)/1)?
3, 5, 13
Suppose 0 = -2*m + 4*m - 46. Let v = 8 - m. Let p = 21 + v. What are the prime factors of p?
2, 3
Suppose -8*g = 9*g - 6154. List the prime factors of g.
2, 181
Let v be (-7)/(-3)*(4 - 1). Let q(s) = -s + 11. Let d be q(v). Suppose 5*n + 21 = k - 0*n, -5*k + d*n = -105. What are the prime factors of k?
3, 7
Let r(p) = p**3 - 7*p**2 + 2*p - 19. Let t be r(7). Let m(u) = 3*u**2 + 7*u + 13. List the prime factors of m(t).
53
Suppose 395 = 4*f - 97. List the prime factors of f.
3, 41
Let f be (-6)/18 - 1123/(-3). Suppose 5*u - 126 - 165 = -3*a, -2*u + f = 4*a. What are the prime factors of a?
2, 23
Let i = -17 - -14. What are the prime factors of i + 3 + -3 + 29*1?
2, 13
Suppose -16*l = -11031 + 2855. What are the prime factors of l?
7, 73
Let f(t) = t**2. Let y(d) = d**3 - 13*d**2 - 6*d. Let h(b) = 6*f(b) + y(b). Let r be h(7). Let g = r - -85. What are the prime factors of g?
43
Suppose -4*r = 5*l - 748 - 13772, -l + 2904 = -r. List the prime factors of l.
2, 3, 11
Suppose 7*y = 2*y + 55. Let q = -4 + y. What are the prime factors of q?
7
Let k(p